{"id":351,"date":"2024-09-02T12:05:12","date_gmt":"2024-09-02T10:05:12","guid":{"rendered":"https:\/\/genappe-ensemble.be\/?page_id=351"},"modified":"2024-09-02T12:05:12","modified_gmt":"2024-09-02T10:05:12","slug":"nos-rencontres-citoyennes","status":"publish","type":"page","link":"https:\/\/genappe-ensemble.be\/index.php\/nos-rencontres-citoyennes\/","title":{"rendered":"Nos rencontres citoyennes"},"content":{"rendered":"\n<p>Afin d\u2019\u00e9tablir sa ligne de conduite et ses priorit\u00e9s, ENSEMBLE a souhait\u00e9 s\u2019aligner sur les aspirations des citoyen\u2027ne\u2027s. Nous avons recueilli vos attentes pour le futur de notre commune.<\/p>\n\n\n\n<p>En 2024, vous avez pu nous rejoindre lors d\u2019une tourn\u00e9e des villages ou d\u2019une r\u00e9union d\u2019ENSEMBLE pour parler de diff\u00e9rents th\u00e8mes, de vos centres d\u2019int\u00e9r\u00eat, de vos pr\u00e9occupations,\u2026<\/p>\n\n\n\n<figure class=\"wp-block-table\"><table class=\"has-fixed-layout\"><tbody><tr><td class=\"has-text-align-center\" data-align=\"center\"><strong>Quand ?<\/strong><\/td><td class=\"has-text-align-center\" data-align=\"center\"><strong>O\u00f9 ?<\/strong><\/td><td class=\"has-text-align-center\" data-align=\"center\"><strong>Quoi ?<\/strong><\/td><\/tr><tr><td class=\"has-text-align-center\" data-align=\"center\"><strong>Mercredi 24 janvier, 20 h<\/strong><\/td><td class=\"has-text-align-center\" data-align=\"center\">Salle communale de Glabais<br>Av. E. Philippe 1A<\/td><td class=\"has-text-align-center\" data-align=\"center\">Am\u00e9nagement du territoire, logement,\u2026<\/td><\/tr><tr><td class=\"has-text-align-center\" data-align=\"center\"><strong>Mercredi 31 janvier, 20 h<\/strong><\/td><td class=\"has-text-align-center\" data-align=\"center\">Salle communale de Baisy-Thy<br>Rue Saint-Roch<\/td><td class=\"has-text-align-center\" data-align=\"center\">Emploi, \u00e9conomie,\u2026<\/td><\/tr><tr><td class=\"has-text-align-center\" data-align=\"center\"><strong>Mardi 6 f\u00e9vrier, 20 h<\/strong><\/td><td class=\"has-text-align-center\" data-align=\"center\">Salle communale d\u2019Houtain-le-Val<br>Rue des Ecoles 8<\/td><td class=\"has-text-align-center\" data-align=\"center\">Energies,\u2026<\/td><\/tr><tr><td class=\"has-text-align-center\" data-align=\"center\"><strong>Lundi 12 f\u00e9vrier, de 17 \u00e0 19 h<\/strong><\/td><td class=\"has-text-align-center\" data-align=\"center\">Salle Saint-Martin<br>Grand\u2019Route 15 \u00e0 Ways<\/td><td class=\"has-text-align-center\" data-align=\"center\">Financer le changement,\u2026<\/td><\/tr><tr><td class=\"has-text-align-center\" data-align=\"center\"><strong>Mercredi 21 f\u00e9vrier, 20 h<\/strong><\/td><td class=\"has-text-align-center\" data-align=\"center\">au Monty<br>Rue de Charleroi 58 \u00e0 Genappe<\/td><td class=\"has-text-align-center\" data-align=\"center\">Mobilit\u00e9, transports, pi\u00e9tonniers,\u2026<\/td><\/tr><tr><td class=\"has-text-align-center\" data-align=\"center\"><strong>Mercredi 13 mars, 20 h<\/strong><\/td><td class=\"has-text-align-center\" data-align=\"center\">O\u2019Pelerin<br>Av. des Combattants 70 \u00e0 Bousval<\/td><td class=\"has-text-align-center\" data-align=\"center\">D\u00e9mocratie participative,\u2026<\/td><\/tr><tr><td class=\"has-text-align-center\" data-align=\"center\"><strong>Samedi 23 mars, 11 h<\/strong><\/td><td class=\"has-text-align-center\" data-align=\"center\">Place du Chenoy \u00e0 Loupoigne<\/td><td class=\"has-text-align-center\" data-align=\"center\">Culture, loisirs, sport, jeunesse,\u2026<\/td><\/tr><tr><td class=\"has-text-align-center\" data-align=\"center\"><strong>Samedi 30 mars, 11 h<\/strong><\/td><td class=\"has-text-align-center\" data-align=\"center\">Place de Mercurey \u00e0 Vieux-Genappe (devant l\u2019\u00e9glise)<\/td><td class=\"has-text-align-center\" data-align=\"center\">Agriculture, produits locaux,\u2026<\/td><\/tr><tr><td class=\"has-text-align-center\" data-align=\"center\"><strong>Mercredi 24 avril, 20 h<\/strong><\/td><td class=\"has-text-align-center\" data-align=\"center\">Salle communale de Baisy-Thy<\/td><td class=\"has-text-align-center\" data-align=\"center\">Strat\u00e9gie politique et de campagne<\/td><\/tr><tr><td class=\"has-text-align-center\" data-align=\"center\"><strong>Lundi 20 mai, 20 h<\/strong><\/td><td class=\"has-text-align-center\" data-align=\"center\">Vid\u00e9o-conf\u00e9rence<\/td><td class=\"has-text-align-center\" data-align=\"center\">Strat\u00e9gie politique et de campagne<\/td><\/tr><tr><td class=\"has-text-align-center\" data-align=\"center\"><strong>Mardi 2 juillet, 10 h<\/strong><\/td><td class=\"has-text-align-center\" data-align=\"center\">au Monty<\/td><td class=\"has-text-align-center\" data-align=\"center\">La famille (Groupe restreint)<\/td><\/tr><tr><td class=\"has-text-align-center\" data-align=\"center\"><strong>Lundi 8 juillet, 19 h<\/strong><\/td><td class=\"has-text-align-center\" data-align=\"center\">au Monty<\/td><td class=\"has-text-align-center\" data-align=\"center\">Am\u00e9nagement du Territoire (Groupe restreint)<\/td><\/tr><tr><td class=\"has-text-align-center\" data-align=\"center\"><strong>Mardi 23 juillet, 19 h<\/strong><\/td><td class=\"has-text-align-center\" data-align=\"center\">au Monty<\/td><td class=\"has-text-align-center\" data-align=\"center\">Gouvernance (Groupe restreint)<\/td><\/tr><tr><td class=\"has-text-align-center\" data-align=\"center\"><strong>Mercredi 24 juillet, 20 h<\/strong><\/td><td class=\"has-text-align-center\" data-align=\"center\">Vid\u00e9o-conf\u00e9rence<\/td><td class=\"has-text-align-center\" data-align=\"center\">Mobilit\u00e9 (Groupe restreint)<\/td><\/tr><tr><td class=\"has-text-align-center\" data-align=\"center\"><strong>Vendredi 26 juillet, 10 h<\/strong><\/td><td class=\"has-text-align-center\" data-align=\"center\">\u00e0 Bousval<\/td><td class=\"has-text-align-center\" data-align=\"center\">Finances communales (Groupe restreint)<\/td><\/tr><tr><td class=\"has-text-align-center\" data-align=\"center\"><strong>Samedi 3 ao\u00fbt, 11 h<\/strong><\/td><td class=\"has-text-align-center\" data-align=\"center\">Place du Chenoy \u00e0 Loupoigne<\/td><td class=\"has-text-align-center\" data-align=\"center\">Agriculture, produits locaux,\u2026 (Groupe restreint)<\/td><\/tr><tr><td class=\"has-text-align-center\" data-align=\"center\"><strong>Vendredi 9 ao\u00fbt, 10 h 30<\/strong><\/td><td class=\"has-text-align-center\" data-align=\"center\">au Monty<\/td><td class=\"has-text-align-center\" data-align=\"center\">Communication, participation citoyenne (Groupe restreint)<\/td><\/tr><tr><td class=\"has-text-align-center\" data-align=\"center\"><strong>Vendredi 16 ao\u00fbt, 17 h<\/strong><\/td><td class=\"has-text-align-center\" data-align=\"center\">au Monty<\/td><td class=\"has-text-align-center\" data-align=\"center\">Communication (Groupe restreint)<\/td><\/tr><tr><td class=\"has-text-align-center\" data-align=\"center\"><strong>Lundi 26 ao\u00fbt, 18 h<\/strong><\/td><td class=\"has-text-align-center\" data-align=\"center\">au Monty<\/td><td class=\"has-text-align-center\" data-align=\"center\">Campagne \u00e9lectorale<\/td><\/tr><\/tbody><\/table><\/figure>\n\n\n\n<hr class=\"wp-block-separator has-alpha-channel-opacity\"\/>\n","protected":false},"excerpt":{"rendered":"<p>Afin d\u2019\u00e9tablir sa ligne de conduite et ses priorit\u00e9s, ENSEMBLE a souhait\u00e9 s\u2019aligner sur les aspirations des citoyen\u2027ne\u2027s. Nous avons recueilli vos attentes pour le futur de notre commune. En 2024, vous avez pu nous rejoindre lors d\u2019une tourn\u00e9e des villages ou d\u2019une r\u00e9union d\u2019ENSEMBLE pour parler de diff\u00e9rents th\u00e8mes, de vos centres d\u2019int\u00e9r\u00eat, de &hellip; <a href=\"https:\/\/genappe-ensemble.be\/index.php\/nos-rencontres-citoyennes\/\" class=\"more-link\">Continuer la lecture<span class=\"screen-reader-text\"> de &laquo;&nbsp;Nos rencontres citoyennes&nbsp;&raquo;<\/span><\/a><\/p>\n","protected":false},"author":2,"featured_media":0,"parent":0,"menu_order":0,"comment_status":"closed","ping_status":"closed","template":"","meta":{"_monsterinsights_skip_tracking":false,"_monsterinsights_sitenote_active":false,"_monsterinsights_sitenote_note":"","_monsterinsights_sitenote_category":0,"footnotes":""},"class_list":["post-351","page","type-page","status-publish","hentry"],"_links":{"self":[{"href":"https:\/\/genappe-ensemble.be\/index.php\/wp-json\/wp\/v2\/pages\/351","targetHints":{"allow":["GET"]}}],"collection":[{"href":"https:\/\/genappe-ensemble.be\/index.php\/wp-json\/wp\/v2\/pages"}],"about":[{"href":"https:\/\/genappe-ensemble.be\/index.php\/wp-json\/wp\/v2\/types\/page"}],"author":[{"embeddable":true,"href":"https:\/\/genappe-ensemble.be\/index.php\/wp-json\/wp\/v2\/users\/2"}],"replies":[{"embeddable":true,"href":"https:\/\/genappe-ensemble.be\/index.php\/wp-json\/wp\/v2\/comments?post=351"}],"version-history":[{"count":1,"href":"https:\/\/genappe-ensemble.be\/index.php\/wp-json\/wp\/v2\/pages\/351\/revisions"}],"predecessor-version":[{"id":352,"href":"https:\/\/genappe-ensemble.be\/index.php\/wp-json\/wp\/v2\/pages\/351\/revisions\/352"}],"wp:attachment":[{"href":"https:\/\/genappe-ensemble.be\/index.php\/wp-json\/wp\/v2\/media?parent=351"}],"curies":[{"name":"wp","href":"https:\/\/api.w.org\/{rel}","templated":true}]}}