{"id":454,"date":"2024-09-12T18:00:31","date_gmt":"2024-09-12T16:00:31","guid":{"rendered":"https:\/\/genappe-ensemble.be\/?page_id=454"},"modified":"2025-01-18T14:09:57","modified_gmt":"2025-01-18T13:09:57","slug":"la-liste-ensemble-2","status":"publish","type":"page","link":"https:\/\/genappe-ensemble.be\/index.php\/la-liste-ensemble-2\/","title":{"rendered":"Le Comit\u00e9"},"content":{"rendered":"\n<p class=\"has-yellow-background-color has-background\">Pour sa seconde participation \u00e0 l&rsquo;\u00e9lection communale de Genappe, ENSEMBLE a pr\u00e9sent\u00e9 une liste de 15 candidat\u2027e\u2027s le 13 octobre 2024, soit pr\u00e8s du double qu&rsquo;en 2018, avec 7 villages repr\u00e9sent\u00e9s (\u00e0 Glabais, Juliette nous a quitt\u00e9\u2027e\u2027s pour de nouveaux horizons professionnels). Tou\u2027te\u2027s sont des citoyen\u2027ne\u2027s motiv\u00e9\u2027e\u2027s par mettre leurs comp\u00e9tences au service du bien-\u00eatre commun et du bien-vivre ensemble dans nos quartiers et villages. ENSEMBLE a fait campagne sous le slogan \u00ab\u00a0Une autre voi(x)e est possible\u00a0\u00bb. Apr\u00e8s l&rsquo;\u00e9lection communale, la majorit\u00e9 des candidat\u2027e\u2027s a d\u00e9cid\u00e9 de poursuivre l&rsquo;action du mouvement citoyen ENSEMBLE et de se transformer en Comit\u00e9. Le Comit\u00e9 veille au bon fonctionnement du Mouvement, \u00e0 sa communication, et suit l&rsquo;actualit\u00e9 des villages et des autorit\u00e9s communales (le Conseil, le Coll\u00e8ge, les Commissions, l&rsquo;Administration, et les organismes para-communaux comme \u00ab\u00a0Le 38\u00a0\u00bb ou  engag\u00e9s dans l&rsquo;entit\u00e9 comme le GAL Pays des 4 Bras). <\/p>\n\n\n\n<hr class=\"wp-block-separator has-alpha-channel-opacity\"\/>\n\n\n\n<p class=\"has-text-align-center has-large-font-size\"><strong>Le Comit\u00e9<\/strong> <strong>depuis le 18\/1\/2025<\/strong><\/p>\n\n\n\n<figure class=\"wp-block-image size-large\"><img loading=\"lazy\" decoding=\"async\" width=\"1024\" height=\"144\" src=\"http:\/\/genappe-ensemble.be\/wp-content\/uploads\/2024\/08\/logo-ensemble-genappe-isole-1024x144.png\" alt=\"\" class=\"wp-image-153\" srcset=\"https:\/\/genappe-ensemble.be\/wp-content\/uploads\/2024\/08\/logo-ensemble-genappe-isole-1024x144.png 1024w, https:\/\/genappe-ensemble.be\/wp-content\/uploads\/2024\/08\/logo-ensemble-genappe-isole-300x42.png 300w, https:\/\/genappe-ensemble.be\/wp-content\/uploads\/2024\/08\/logo-ensemble-genappe-isole-768x108.png 768w, https:\/\/genappe-ensemble.be\/wp-content\/uploads\/2024\/08\/logo-ensemble-genappe-isole-1536x216.png 1536w, https:\/\/genappe-ensemble.be\/wp-content\/uploads\/2024\/08\/logo-ensemble-genappe-isole-2048x288.png 2048w, https:\/\/genappe-ensemble.be\/wp-content\/uploads\/2024\/08\/logo-ensemble-genappe-isole-1200x169.png 1200w\" sizes=\"auto, (max-width: 709px) 85vw, (max-width: 909px) 67vw, (max-width: 1362px) 62vw, 840px\" \/><\/figure>\n\n\n\n<hr class=\"wp-block-separator has-alpha-channel-opacity\"\/>\n\n\n\n<p class=\"has-medium-font-size\"><strong>Christine GILAIN<\/strong><\/p>\n\n\n\n<p><strong>Ex Conseill\u00e8re communale ENSEMBLE<\/strong><br>Directrice socioculturelle retrait\u00e9e<\/p>\n\n\n\n<p>Loupoigne<\/p>\n\n\n\n<figure class=\"wp-block-image size-thumbnail is-style-rounded\"><img loading=\"lazy\" decoding=\"async\" width=\"150\" height=\"150\" src=\"https:\/\/genappe-ensemble.be\/wp-content\/uploads\/2024\/09\/1024-ChG-DSC_9407-150x150.jpg\" alt=\"\" class=\"wp-image-437\" style=\"object-fit:cover\"\/><\/figure>\n\n\n\n<div class=\"wp-block-file\"><a id=\"wp-block-file--media-6e101253-386e-49a3-be15-60bb57aff229\" href=\"http:\/\/genappe-ensemble.be\/wp-content\/uploads\/2024\/09\/Christine-GILAIN-2.pdf\">Christine GILAIN<\/a><a href=\"http:\/\/genappe-ensemble.be\/wp-content\/uploads\/2024\/09\/Christine-GILAIN-2.pdf\" class=\"wp-block-file__button wp-element-button\" download aria-describedby=\"wp-block-file--media-6e101253-386e-49a3-be15-60bb57aff229\">T\u00e9l\u00e9charger SA PRESENTATION<\/a><\/div>\n\n\n\n<hr class=\"wp-block-separator has-alpha-channel-opacity\"\/>\n\n\n\n<p class=\"has-medium-font-size\"><strong>Marc BUCKENS<\/strong><\/p>\n\n\n\n<p>G\u00e8re une Agence Immobili\u00e8re Sociale \u00e0 Bruxelles<\/p>\n\n\n\n<p>Bousval<\/p>\n\n\n\n<figure class=\"wp-block-image size-thumbnail is-style-rounded\"><img loading=\"lazy\" decoding=\"async\" width=\"150\" height=\"150\" src=\"https:\/\/genappe-ensemble.be\/wp-content\/uploads\/2024\/09\/1024-Marc-DSC_9418-150x150.jpg\" alt=\"\" class=\"wp-image-443\"\/><\/figure>\n\n\n\n<p><\/p>\n\n\n\n<div class=\"wp-block-file\"><a id=\"wp-block-file--media-3278dfb9-9386-4679-8737-b5099b5bc443\" href=\"http:\/\/genappe-ensemble.be\/wp-content\/uploads\/2024\/09\/buckens.pdf\">Marc BUCKENS<\/a><a href=\"http:\/\/genappe-ensemble.be\/wp-content\/uploads\/2024\/09\/buckens.pdf\" class=\"wp-block-file__button wp-element-button\" download aria-describedby=\"wp-block-file--media-3278dfb9-9386-4679-8737-b5099b5bc443\">T\u00e9l\u00e9charger SA PRESENTATION<\/a><\/div>\n\n\n\n<hr class=\"wp-block-separator has-alpha-channel-opacity\"\/>\n\n\n\n<p class=\"has-medium-font-size\"><strong>Naomi RAITANO<\/strong><\/p>\n\n\n\n<p>Metteuse en sc\u00e8ne<\/p>\n\n\n\n<p>Houtain-le Val<\/p>\n\n\n\n<figure class=\"wp-block-image size-thumbnail is-style-rounded\"><img loading=\"lazy\" decoding=\"async\" width=\"150\" height=\"150\" src=\"https:\/\/genappe-ensemble.be\/wp-content\/uploads\/2024\/09\/1924-Naomi-DSC_9420-150x150.jpg\" alt=\"\" class=\"wp-image-451\" srcset=\"https:\/\/genappe-ensemble.be\/wp-content\/uploads\/2024\/09\/1924-Naomi-DSC_9420-150x150.jpg 150w, https:\/\/genappe-ensemble.be\/wp-content\/uploads\/2024\/09\/1924-Naomi-DSC_9420-1015x1024.jpg 1015w, https:\/\/genappe-ensemble.be\/wp-content\/uploads\/2024\/09\/1924-Naomi-DSC_9420-768x775.jpg 768w, https:\/\/genappe-ensemble.be\/wp-content\/uploads\/2024\/09\/1924-Naomi-DSC_9420-1523x1536.jpg 1523w, https:\/\/genappe-ensemble.be\/wp-content\/uploads\/2024\/09\/1924-Naomi-DSC_9420-2031x2048.jpg 2031w, https:\/\/genappe-ensemble.be\/wp-content\/uploads\/2024\/09\/1924-Naomi-DSC_9420-1200x1210.jpg 1200w\" sizes=\"auto, (max-width: 150px) 85vw, 150px\" \/><\/figure>\n\n\n\n<div class=\"wp-block-file\"><a id=\"wp-block-file--media-f83f7b57-39f0-4022-ae51-6240e2697cbc\" href=\"http:\/\/genappe-ensemble.be\/wp-content\/uploads\/2024\/09\/raitano.pdf\">Naomi RAITANO<\/a><a href=\"http:\/\/genappe-ensemble.be\/wp-content\/uploads\/2024\/09\/raitano.pdf\" class=\"wp-block-file__button wp-element-button\" download aria-describedby=\"wp-block-file--media-f83f7b57-39f0-4022-ae51-6240e2697cbc\">T\u00e9l\u00e9charger SA PRESENTATION<\/a><\/div>\n\n\n\n<hr class=\"wp-block-separator has-alpha-channel-opacity\"\/>\n\n\n\n<p class=\"has-medium-font-size\"><strong>Florian SPRINGUEL<\/strong><\/p>\n\n\n\n<p>Architecte-Paysagiste<\/p>\n\n\n\n<p>Loupoigne<\/p>\n\n\n\n<figure class=\"wp-block-image size-thumbnail is-style-rounded\"><img loading=\"lazy\" decoding=\"async\" width=\"150\" height=\"150\" src=\"https:\/\/genappe-ensemble.be\/wp-content\/uploads\/2024\/09\/1024-Florian-DSC_9379-150x150.jpg\" alt=\"\" class=\"wp-image-441\" srcset=\"https:\/\/genappe-ensemble.be\/wp-content\/uploads\/2024\/09\/1024-Florian-DSC_9379-150x150.jpg 150w, https:\/\/genappe-ensemble.be\/wp-content\/uploads\/2024\/09\/1024-Florian-DSC_9379-300x298.jpg 300w, https:\/\/genappe-ensemble.be\/wp-content\/uploads\/2024\/09\/1024-Florian-DSC_9379-1024x1017.jpg 1024w, https:\/\/genappe-ensemble.be\/wp-content\/uploads\/2024\/09\/1024-Florian-DSC_9379-768x763.jpg 768w, https:\/\/genappe-ensemble.be\/wp-content\/uploads\/2024\/09\/1024-Florian-DSC_9379-1536x1525.jpg 1536w, https:\/\/genappe-ensemble.be\/wp-content\/uploads\/2024\/09\/1024-Florian-DSC_9379-1200x1191.jpg 1200w, https:\/\/genappe-ensemble.be\/wp-content\/uploads\/2024\/09\/1024-Florian-DSC_9379.jpg 1960w\" sizes=\"auto, (max-width: 150px) 85vw, 150px\" \/><\/figure>\n\n\n\n<div class=\"wp-block-file\"><a id=\"wp-block-file--media-3a18ea91-3e49-47af-a5d2-f35c1cf48684\" href=\"http:\/\/genappe-ensemble.be\/wp-content\/uploads\/2024\/09\/florian.pdf\">Florian SPRINGUEL<\/a><a href=\"http:\/\/genappe-ensemble.be\/wp-content\/uploads\/2024\/09\/florian.pdf\" class=\"wp-block-file__button wp-element-button\" download aria-describedby=\"wp-block-file--media-3a18ea91-3e49-47af-a5d2-f35c1cf48684\">T\u00e9l\u00e9charger SA PRESENTATION<\/a><\/div>\n\n\n\n<hr class=\"wp-block-separator has-alpha-channel-opacity\"\/>\n\n\n\n<p class=\"has-medium-font-size\"><strong>Marie-Fran\u00e7oise SAUTELET<\/strong><\/p>\n\n\n\n<p>Enseignante retrait\u00e9e en milieu hospitalier (p\u00e9dopsychiatrie et neurologie p\u00e9diatrique)<\/p>\n\n\n\n<p>Bousval<\/p>\n\n\n\n<figure class=\"wp-block-image size-thumbnail is-style-rounded\"><img loading=\"lazy\" decoding=\"async\" width=\"150\" height=\"150\" src=\"https:\/\/genappe-ensemble.be\/wp-content\/uploads\/2024\/09\/1024-Marie-Francoise-150x150.jpg\" alt=\"\" class=\"wp-image-444\" srcset=\"https:\/\/genappe-ensemble.be\/wp-content\/uploads\/2024\/09\/1024-Marie-Francoise-150x150.jpg 150w, https:\/\/genappe-ensemble.be\/wp-content\/uploads\/2024\/09\/1024-Marie-Francoise-300x300.jpg 300w, https:\/\/genappe-ensemble.be\/wp-content\/uploads\/2024\/09\/1024-Marie-Francoise-1024x1024.jpg 1024w, https:\/\/genappe-ensemble.be\/wp-content\/uploads\/2024\/09\/1024-Marie-Francoise-768x769.jpg 768w, https:\/\/genappe-ensemble.be\/wp-content\/uploads\/2024\/09\/1024-Marie-Francoise-1200x1201.jpg 1200w, https:\/\/genappe-ensemble.be\/wp-content\/uploads\/2024\/09\/1024-Marie-Francoise.jpg 1206w\" sizes=\"auto, (max-width: 150px) 85vw, 150px\" \/><\/figure>\n\n\n\n<div class=\"wp-block-file\"><a id=\"wp-block-file--media-46fd8258-00d3-4c40-a058-f87df12d667f\" href=\"http:\/\/genappe-ensemble.be\/wp-content\/uploads\/2024\/09\/MF.pdf\">Marie-Fran\u00e7oise SAUTELET <\/a><a href=\"http:\/\/genappe-ensemble.be\/wp-content\/uploads\/2024\/09\/MF.pdf\" class=\"wp-block-file__button wp-element-button\" download aria-describedby=\"wp-block-file--media-46fd8258-00d3-4c40-a058-f87df12d667f\">T\u00e9l\u00e9charger SA PRESENTATION<\/a><\/div>\n\n\n\n<hr class=\"wp-block-separator has-alpha-channel-opacity\"\/>\n\n\n\n<p class=\"has-medium-font-size\"><strong>Dominique ROSY<\/strong><\/p>\n\n\n\n<p>Directeur-G\u00e9rant retrait\u00e9<\/p>\n\n\n\n<p>Genappe<\/p>\n\n\n\n<figure class=\"wp-block-image size-thumbnail is-style-rounded\"><img loading=\"lazy\" decoding=\"async\" width=\"150\" height=\"150\" src=\"https:\/\/genappe-ensemble.be\/wp-content\/uploads\/2024\/09\/1024-dominique-Rosy-150x150.jpg\" alt=\"\" class=\"wp-image-440\" srcset=\"https:\/\/genappe-ensemble.be\/wp-content\/uploads\/2024\/09\/1024-dominique-Rosy-150x150.jpg 150w, https:\/\/genappe-ensemble.be\/wp-content\/uploads\/2024\/09\/1024-dominique-Rosy-300x300.jpg 300w, https:\/\/genappe-ensemble.be\/wp-content\/uploads\/2024\/09\/1024-dominique-Rosy-1024x1024.jpg 1024w, https:\/\/genappe-ensemble.be\/wp-content\/uploads\/2024\/09\/1024-dominique-Rosy-768x768.jpg 768w, https:\/\/genappe-ensemble.be\/wp-content\/uploads\/2024\/09\/1024-dominique-Rosy-1536x1536.jpg 1536w, https:\/\/genappe-ensemble.be\/wp-content\/uploads\/2024\/09\/1024-dominique-Rosy-2048x2048.jpg 2048w, https:\/\/genappe-ensemble.be\/wp-content\/uploads\/2024\/09\/1024-dominique-Rosy-1200x1200.jpg 1200w\" sizes=\"auto, (max-width: 150px) 85vw, 150px\" \/><\/figure>\n\n\n\n<div class=\"wp-block-file\"><a id=\"wp-block-file--media-4b608bce-7963-4541-afc5-08b9613b6ecc\" href=\"http:\/\/genappe-ensemble.be\/wp-content\/uploads\/2024\/09\/d-rosy.pdf\">Dominique ROSY<\/a><a href=\"http:\/\/genappe-ensemble.be\/wp-content\/uploads\/2024\/09\/d-rosy.pdf\" class=\"wp-block-file__button wp-element-button\" download aria-describedby=\"wp-block-file--media-4b608bce-7963-4541-afc5-08b9613b6ecc\">T\u00e9l\u00e9charger SA PRESENTATION<\/a><\/div>\n\n\n\n<hr class=\"wp-block-separator has-alpha-channel-opacity\"\/>\n\n\n\n<p class=\"has-medium-font-size\"><strong>Martine VAN DEN ABEELE<\/strong><\/p>\n\n\n\n<p>Coordinatrice de syst\u00e8mes informatiques des Ressource Humaines<\/p>\n\n\n\n<p>Genappe<\/p>\n\n\n\n<figure class=\"wp-block-image size-thumbnail is-style-rounded\"><img loading=\"lazy\" decoding=\"async\" width=\"150\" height=\"150\" src=\"https:\/\/genappe-ensemble.be\/wp-content\/uploads\/2024\/09\/1024-Martine-DSC_9388-150x150.jpg\" alt=\"\" class=\"wp-image-446\" srcset=\"https:\/\/genappe-ensemble.be\/wp-content\/uploads\/2024\/09\/1024-Martine-DSC_9388-150x150.jpg 150w, https:\/\/genappe-ensemble.be\/wp-content\/uploads\/2024\/09\/1024-Martine-DSC_9388-300x300.jpg 300w, https:\/\/genappe-ensemble.be\/wp-content\/uploads\/2024\/09\/1024-Martine-DSC_9388-1021x1024.jpg 1021w, https:\/\/genappe-ensemble.be\/wp-content\/uploads\/2024\/09\/1024-Martine-DSC_9388-768x771.jpg 768w, https:\/\/genappe-ensemble.be\/wp-content\/uploads\/2024\/09\/1024-Martine-DSC_9388-1531x1536.jpg 1531w, https:\/\/genappe-ensemble.be\/wp-content\/uploads\/2024\/09\/1024-Martine-DSC_9388-2041x2048.jpg 2041w, https:\/\/genappe-ensemble.be\/wp-content\/uploads\/2024\/09\/1024-Martine-DSC_9388-1200x1204.jpg 1200w\" sizes=\"auto, (max-width: 150px) 85vw, 150px\" \/><\/figure>\n\n\n\n<div class=\"wp-block-file\"><a id=\"wp-block-file--media-5e625b14-0f91-4590-839e-cc32e78d15d5\" href=\"http:\/\/genappe-ensemble.be\/wp-content\/uploads\/2024\/09\/mvda.pdf\">Martine VAN DEN ABEELE<\/a><a href=\"http:\/\/genappe-ensemble.be\/wp-content\/uploads\/2024\/09\/mvda.pdf\" class=\"wp-block-file__button wp-element-button\" download aria-describedby=\"wp-block-file--media-5e625b14-0f91-4590-839e-cc32e78d15d5\">T\u00e9l\u00e9charger SA PRESENTATION<\/a><\/div>\n\n\n\n<hr class=\"wp-block-separator has-alpha-channel-opacity\"\/>\n\n\n\n<p class=\"has-medium-font-size\"><strong>Patrick CLINIER<\/strong><\/p>\n\n\n\n<p>Formateur d&rsquo;adultes<\/p>\n\n\n\n<p>Houtain-le-Val<\/p>\n\n\n\n<figure class=\"wp-block-image size-thumbnail is-style-rounded\"><img loading=\"lazy\" decoding=\"async\" width=\"150\" height=\"150\" src=\"https:\/\/genappe-ensemble.be\/wp-content\/uploads\/2024\/09\/1024-Patrick-DSC_9365-150x150.jpg\" alt=\"\" class=\"wp-image-448\" srcset=\"https:\/\/genappe-ensemble.be\/wp-content\/uploads\/2024\/09\/1024-Patrick-DSC_9365-150x150.jpg 150w, https:\/\/genappe-ensemble.be\/wp-content\/uploads\/2024\/09\/1024-Patrick-DSC_9365-300x300.jpg 300w, https:\/\/genappe-ensemble.be\/wp-content\/uploads\/2024\/09\/1024-Patrick-DSC_9365-1020x1024.jpg 1020w, https:\/\/genappe-ensemble.be\/wp-content\/uploads\/2024\/09\/1024-Patrick-DSC_9365-768x771.jpg 768w, https:\/\/genappe-ensemble.be\/wp-content\/uploads\/2024\/09\/1024-Patrick-DSC_9365-1531x1536.jpg 1531w, https:\/\/genappe-ensemble.be\/wp-content\/uploads\/2024\/09\/1024-Patrick-DSC_9365-1200x1204.jpg 1200w, https:\/\/genappe-ensemble.be\/wp-content\/uploads\/2024\/09\/1024-Patrick-DSC_9365.jpg 1987w\" sizes=\"auto, (max-width: 150px) 85vw, 150px\" \/><\/figure>\n\n\n\n<div class=\"wp-block-file\"><a id=\"wp-block-file--media-eef3fe9d-d9bf-4dac-a266-4ed487f5ad64\" href=\"http:\/\/genappe-ensemble.be\/wp-content\/uploads\/2024\/09\/PClinier.pdf\">Patrick CLINIER<\/a><a href=\"http:\/\/genappe-ensemble.be\/wp-content\/uploads\/2024\/09\/PClinier.pdf\" class=\"wp-block-file__button wp-element-button\" download aria-describedby=\"wp-block-file--media-eef3fe9d-d9bf-4dac-a266-4ed487f5ad64\">T\u00e9l\u00e9charger SA PRESENTATION<\/a><\/div>\n\n\n\n<hr class=\"wp-block-separator has-alpha-channel-opacity\"\/>\n\n\n\n<p class=\"has-medium-font-size\"><strong>Peggy VERMEIREN<\/strong><\/p>\n\n\n\n<p>Employ\u00e9e polyvalente<\/p>\n\n\n\n<p>Genappe (Les Crawannes)<\/p>\n\n\n\n<figure class=\"wp-block-image size-thumbnail is-style-rounded\"><img loading=\"lazy\" decoding=\"async\" width=\"150\" height=\"150\" src=\"https:\/\/genappe-ensemble.be\/wp-content\/uploads\/2024\/09\/1024-Peggy-DSC_9362-150x150.jpg\" alt=\"\" class=\"wp-image-449\" srcset=\"https:\/\/genappe-ensemble.be\/wp-content\/uploads\/2024\/09\/1024-Peggy-DSC_9362-150x150.jpg 150w, https:\/\/genappe-ensemble.be\/wp-content\/uploads\/2024\/09\/1024-Peggy-DSC_9362-298x300.jpg 298w, https:\/\/genappe-ensemble.be\/wp-content\/uploads\/2024\/09\/1024-Peggy-DSC_9362-1017x1024.jpg 1017w, https:\/\/genappe-ensemble.be\/wp-content\/uploads\/2024\/09\/1024-Peggy-DSC_9362-768x773.jpg 768w, https:\/\/genappe-ensemble.be\/wp-content\/uploads\/2024\/09\/1024-Peggy-DSC_9362-1525x1536.jpg 1525w, https:\/\/genappe-ensemble.be\/wp-content\/uploads\/2024\/09\/1024-Peggy-DSC_9362-1200x1208.jpg 1200w, https:\/\/genappe-ensemble.be\/wp-content\/uploads\/2024\/09\/1024-Peggy-DSC_9362.jpg 1840w\" sizes=\"auto, (max-width: 150px) 85vw, 150px\" \/><\/figure>\n\n\n\n<div class=\"wp-block-file\"><a id=\"wp-block-file--media-370d61d3-798d-4fbc-a228-127c8097bb48\" href=\"http:\/\/genappe-ensemble.be\/wp-content\/uploads\/2024\/09\/PeggyV.pdf\">Peggy VERMEIREN<\/a><a href=\"http:\/\/genappe-ensemble.be\/wp-content\/uploads\/2024\/09\/PeggyV.pdf\" class=\"wp-block-file__button wp-element-button\" download aria-describedby=\"wp-block-file--media-370d61d3-798d-4fbc-a228-127c8097bb48\">T\u00e9l\u00e9charger SA PRESENTATION<\/a><\/div>\n\n\n\n<hr class=\"wp-block-separator has-alpha-channel-opacity\"\/>\n\n\n\n<p class=\"has-medium-font-size\"><strong>Steeve HERRENT<\/strong><\/p>\n\n\n\n<p>Conducteur de car<\/p>\n\n\n\n<p>Ways<\/p>\n\n\n\n<figure class=\"wp-block-image size-thumbnail is-style-rounded\"><img loading=\"lazy\" decoding=\"async\" width=\"150\" height=\"150\" src=\"https:\/\/genappe-ensemble.be\/wp-content\/uploads\/2024\/09\/1024-steeve_DSC6736-150x150.jpg\" alt=\"\" class=\"wp-image-450\"\/><\/figure>\n\n\n\n<div class=\"wp-block-file\"><a id=\"wp-block-file--media-23838daf-0506-43bb-a869-74f6da8a5eda\" href=\"http:\/\/genappe-ensemble.be\/wp-content\/uploads\/2024\/09\/SHerrent.pdf\">Steeve HERRENT<\/a><a href=\"http:\/\/genappe-ensemble.be\/wp-content\/uploads\/2024\/09\/SHerrent.pdf\" class=\"wp-block-file__button wp-element-button\" download aria-describedby=\"wp-block-file--media-23838daf-0506-43bb-a869-74f6da8a5eda\">T\u00e9l\u00e9charger SA PRESENTATION<\/a><\/div>\n\n\n\n<hr class=\"wp-block-separator has-alpha-channel-opacity\"\/>\n\n\n\n<p class=\"has-medium-font-size\"><strong>Patricia WATTIAUX<\/strong> et Charly<\/p>\n\n\n\n<p>Vendeuse polyvalente<\/p>\n\n\n\n<p>Genappe-centre<\/p>\n\n\n\n<figure class=\"wp-block-image size-thumbnail is-style-rounded\"><img loading=\"lazy\" decoding=\"async\" width=\"150\" height=\"150\" src=\"https:\/\/genappe-ensemble.be\/wp-content\/uploads\/2024\/09\/1024-Patricia-DSC_9393-150x150.jpg\" alt=\"\" class=\"wp-image-447\" srcset=\"https:\/\/genappe-ensemble.be\/wp-content\/uploads\/2024\/09\/1024-Patricia-DSC_9393-150x150.jpg 150w, https:\/\/genappe-ensemble.be\/wp-content\/uploads\/2024\/09\/1024-Patricia-DSC_9393-300x300.jpg 300w, https:\/\/genappe-ensemble.be\/wp-content\/uploads\/2024\/09\/1024-Patricia-DSC_9393-1024x1024.jpg 1024w, https:\/\/genappe-ensemble.be\/wp-content\/uploads\/2024\/09\/1024-Patricia-DSC_9393-768x768.jpg 768w, https:\/\/genappe-ensemble.be\/wp-content\/uploads\/2024\/09\/1024-Patricia-DSC_9393-1536x1536.jpg 1536w, https:\/\/genappe-ensemble.be\/wp-content\/uploads\/2024\/09\/1024-Patricia-DSC_9393-2048x2048.jpg 2048w, https:\/\/genappe-ensemble.be\/wp-content\/uploads\/2024\/09\/1024-Patricia-DSC_9393-1200x1200.jpg 1200w\" sizes=\"auto, (max-width: 150px) 85vw, 150px\" \/><\/figure>\n\n\n\n<div class=\"wp-block-file\"><a id=\"wp-block-file--media-d4af0cce-c08c-4813-8f36-10fbd52ab2e6\" href=\"http:\/\/genappe-ensemble.be\/wp-content\/uploads\/2024\/09\/PWattiaux.pdf\">Patricia WATTIAUX<\/a><a href=\"http:\/\/genappe-ensemble.be\/wp-content\/uploads\/2024\/09\/PWattiaux.pdf\" class=\"wp-block-file__button wp-element-button\" download aria-describedby=\"wp-block-file--media-d4af0cce-c08c-4813-8f36-10fbd52ab2e6\">T\u00e9l\u00e9charger SA PRESENTATION<\/a><\/div>\n\n\n\n<hr class=\"wp-block-separator has-alpha-channel-opacity\"\/>\n\n\n\n<p class=\"has-medium-font-size\"><strong>Martin MAHAUX<\/strong><\/p>\n\n\n\n<p>Consultant et g\u00e9rant d&rsquo;entreprise<\/p>\n\n\n\n<p>Baisy-Thy<\/p>\n\n\n\n<figure class=\"wp-block-image size-thumbnail is-style-rounded\"><img loading=\"lazy\" decoding=\"async\" width=\"150\" height=\"150\" src=\"https:\/\/genappe-ensemble.be\/wp-content\/uploads\/2024\/09\/1024-martin_DSC6733-150x150.jpg\" alt=\"\" class=\"wp-image-445\"\/><figcaption class=\"wp-element-caption\">SONY DSC<\/figcaption><\/figure>\n\n\n\n<div class=\"wp-block-file\"><a id=\"wp-block-file--media-90e26598-2bd5-4ce1-b7dc-f1e595db4d48\" href=\"http:\/\/genappe-ensemble.be\/wp-content\/uploads\/2024\/09\/Martin.pdf\">Martin MAHAUX<\/a><a href=\"http:\/\/genappe-ensemble.be\/wp-content\/uploads\/2024\/09\/Martin.pdf\" class=\"wp-block-file__button wp-element-button\" download aria-describedby=\"wp-block-file--media-90e26598-2bd5-4ce1-b7dc-f1e595db4d48\">T\u00e9l\u00e9charger SA PRESENTATION<\/a><\/div>\n\n\n\n<hr class=\"wp-block-separator has-alpha-channel-opacity\"\/>\n\n\n\n<p class=\"has-medium-font-size\">Christine <strong>RENARD<\/strong><\/p>\n\n\n\n<p>Professeure de fran\u00e7ais langue \u00e9trang\u00e8re (FLE)  \u00e0 l&rsquo;UCLouvain<\/p>\n\n\n\n<p>Bousval<\/p>\n\n\n\n<figure class=\"wp-block-image size-thumbnail is-style-rounded\"><img loading=\"lazy\" decoding=\"async\" width=\"150\" height=\"150\" src=\"https:\/\/genappe-ensemble.be\/wp-content\/uploads\/2024\/09\/1024-ChR-DSC_9385-150x150.jpg\" alt=\"\" class=\"wp-image-438\"\/><\/figure>\n\n\n\n<div class=\"wp-block-file\"><a id=\"wp-block-file--media-651ca8f4-62bf-46fa-9757-db19005d996e\" href=\"http:\/\/genappe-ensemble.be\/wp-content\/uploads\/2024\/09\/Ch-renard-1.pdf\">Ch-renard<\/a><a href=\"http:\/\/genappe-ensemble.be\/wp-content\/uploads\/2024\/09\/Ch-renard-1.pdf\" class=\"wp-block-file__button wp-element-button\" download aria-describedby=\"wp-block-file--media-651ca8f4-62bf-46fa-9757-db19005d996e\">T\u00e9l\u00e9charger SA PRESENTATION<\/a><\/div>\n\n\n\n<hr class=\"wp-block-separator has-alpha-channel-opacity\"\/>\n\n\n\n<p>Certain\u2027e\u2027s citoyen\u2027ne\u2027s soutiennent ENSEMBLE et sa d\u00e9marche mais ne souhaitent pas appara\u00eetre publiquement. Leur nom ne figure pas sur ce site. ENSEMBLE les remercie pour leur investissement et les id\u00e9es apport\u00e9es.<\/p>\n\n\n\n<hr class=\"wp-block-separator has-alpha-channel-opacity\"\/>\n\n\n\n<p><\/p>\n","protected":false},"excerpt":{"rendered":"<p>Pour sa seconde participation \u00e0 l&rsquo;\u00e9lection communale de Genappe, ENSEMBLE a pr\u00e9sent\u00e9 une liste de 15 candidat\u2027e\u2027s le 13 octobre 2024, soit pr\u00e8s du double qu&rsquo;en 2018, avec 7 villages repr\u00e9sent\u00e9s (\u00e0 Glabais, Juliette nous a quitt\u00e9\u2027e\u2027s pour de nouveaux horizons professionnels). Tou\u2027te\u2027s sont des citoyen\u2027ne\u2027s motiv\u00e9\u2027e\u2027s par mettre leurs comp\u00e9tences au service du bien-\u00eatre &hellip; <a href=\"https:\/\/genappe-ensemble.be\/index.php\/la-liste-ensemble-2\/\" class=\"more-link\">Continuer la lecture<span class=\"screen-reader-text\"> de &laquo;&nbsp;Le Comit\u00e9&nbsp;&raquo;<\/span><\/a><\/p>\n","protected":false},"author":2,"featured_media":0,"parent":0,"menu_order":0,"comment_status":"closed","ping_status":"closed","template":"","meta":{"_monsterinsights_skip_tracking":false,"_monsterinsights_sitenote_active":false,"_monsterinsights_sitenote_note":"","_monsterinsights_sitenote_category":0,"footnotes":""},"class_list":["post-454","page","type-page","status-publish","hentry"],"_links":{"self":[{"href":"https:\/\/genappe-ensemble.be\/index.php\/wp-json\/wp\/v2\/pages\/454","targetHints":{"allow":["GET"]}}],"collection":[{"href":"https:\/\/genappe-ensemble.be\/index.php\/wp-json\/wp\/v2\/pages"}],"about":[{"href":"https:\/\/genappe-ensemble.be\/index.php\/wp-json\/wp\/v2\/types\/page"}],"author":[{"embeddable":true,"href":"https:\/\/genappe-ensemble.be\/index.php\/wp-json\/wp\/v2\/users\/2"}],"replies":[{"embeddable":true,"href":"https:\/\/genappe-ensemble.be\/index.php\/wp-json\/wp\/v2\/comments?post=454"}],"version-history":[{"count":13,"href":"https:\/\/genappe-ensemble.be\/index.php\/wp-json\/wp\/v2\/pages\/454\/revisions"}],"predecessor-version":[{"id":615,"href":"https:\/\/genappe-ensemble.be\/index.php\/wp-json\/wp\/v2\/pages\/454\/revisions\/615"}],"wp:attachment":[{"href":"https:\/\/genappe-ensemble.be\/index.php\/wp-json\/wp\/v2\/media?parent=454"}],"curies":[{"name":"wp","href":"https:\/\/api.w.org\/{rel}","templated":true}]}}